 b(s) = s**2 - 3*s. Let p be b(2). Let d be (p - -1) + 124/2. Let n = -51 + d. Calculate the remainder when n is divided by 6.
4
Let h be (2/6)/(4/36). Suppose 20 - 8 = -4*o, 347 = 2*s + h*o. What is the remainder when s is divided by 24?
10
Suppose 63*o = 69*o - 73 + 25. Let s be (-44)/3 + 4/6. What is the remainder when 1 + (-2 - -1) - s is divided by o?
6
What is the remainder when ((10/(-1))/(-20)*-643)/((-2)/4) is divided by 65?
58
Suppose 0 = 2*d - 87 - 1. Suppose 0 = 2*h - 341 + 349, 0 = b + 4*h - 289. Calculate the remainder when b is divided by d.
41
Let z = 10 + -11. Let a be (5/1)/(2 + z). Let q(j) = -j**3 + 7*j**2 - 4*j + 8. Calculate the remainder when q(a) is divided by 11.
5
Let j(q) = 3*q**2 - 8*q - 4. Calculate the remainder when j(7) is divided by (-17 + 0 + 1)/((-184)/92).
7
Suppose 0 = 5*g + 161 - 1101. Suppose 277 = 3*p - 2*t, -4*p + 2*p = -2*t - g. Let l = -54 + 69. Calculate the remainder when p is divided by l.
14
Suppose 0 = -2*t + 4*w + 210 - 134, -w = -3*t + 134. Calculate the remainder when 424 is divided by t.
10
Let h be (-118)/(-10) - (-18)/90. Suppose -1328 = h*y - 16*y. What is the remainder when 0 - (-6)/9 - y/(-6) is divided by 19?
18
Suppose -4326*n + 288 = -4322*n. Suppose 167 = 5*f + 32. What is the remainder when n is divided by f?
18
Let n = 18 + -10. Let i = 5639 + -5546. What is the remainder when i is divided by n?
5
Let z = 784 + -586. Calculate the remainder when z is divided by 50.
48
Suppose 3*p - 105 = 42. Suppose 0 = 50*d - p*d - 80. Calculate the remainder when d is divided by 9.
8
Let y = -24 - -28. Suppose -4*x + 6 + 10 = 0. Suppose 194 = x*b - 2*g, y*b - 23 - 156 = -g. What is the remainder when b is divided by 12?
10
Let s(l) = l**3 + 6*l**2 + 7*l + 45. Let j be s(-6). Suppose 4*n = 5*a + 462, -5*n = -j*a - 154 - 417. Calculate the remainder when n is divided by 38.
37
Let g = -33517 + 33977. What is the remainder when 1326 is divided by g?
406
Let b(c) = c**3 - 32*c**2 + 159*c - 32. Calculate the remainder when 295 is divided by b(26).
19
Let l = 279 + -274. Let t(n) = 23*n - 7. What is the remainder when t(l) is divided by 29?
21
Let j be -4*((-18)/4)/(-7 - -13). Suppose -5*q = -j*m - q + 651, 5*m + 2*q = 1111. Suppose -h + m = 12*h. What is the remainder when h is divided by 9?
8
Let z(r) = 21*r - 1641. Calculate the remainder when 716 is divided by z(80).
14
Suppose 143 = 96*t - 83*t. Calculate the remainder when 415 is divided by t.
8
Let h(j) = -j - 17. Let a be h(29). Let n = a + 57. Calculate the remainder when 24 is divided by n.
2
Let l = 2188 - 2034. What is the remainder when l is divided by 28?
14
Suppose 2 = -8*s + 106. What is the remainder when s is divided by 1 - 3 - 10/(-1)?
5
Let b = -23674 + 23840. What is the remainder when 1512 is divided by b?
18
Let x(k) be the third derivative of k**5/30 + k**4/8 + 2*k**3/3 + 63*k**2 - 2. What is the remainder when 4 is divided by x(-1)?
1
Let i(l) be the first derivative of -l**2/2 + l - 26. Let o(q) = 4*q + 22. Let y(j) = 8*i(j) - o(j). Calculate the remainder when y(-3) is divided by 6.
4
Let y(v) = 2*v**3 - 49*v**2 - 17*v + 52. Let u be y(26). Let j = 12 + 107. What is the remainder when j is divided by 2/(-9) - u/(-81)?
19
Suppose -5*s + 4*s + 17*s - 656 = 0. Calculate the remainder when 531 is divided by s.
39
Suppose 2*j = -j + 15. Suppose 0 = -j*p - 3*p + 424. Let y = -46 + p. What is the remainder when 19 is divided by y?
5
Let n = -48474 + 48490. Suppose 7 + 3 = 5*j. Suppose 0 = j*a + 2*d - d - 10, -d = -5*a + 39. Calculate the remainder when n is divided by a.
2
Suppose 4*c - 14*f - 26 = -12*f, 0 = 5*c + 3*f - 5. Suppose -c*v - r + 2146 = 0, -2*r - 4 = -0*r. Calculate the remainder when v is divided by 54.
51
Let p be (3 - -1) + -27 - -1. Calculate the remainder when 31/(p/6 - -4) is divided by 32.
29
Suppose 0 = -2*s - 102*r + 100*r + 2112, 4*r - 2102 = -2*s. What is the remainder when s is divided by 108?
89
Suppose -2*k = -5*b + 16, 3*k = 4*b - 51 + 20. Let o = k + 22. What is the remainder when 83 is divided by 42/(-3*(-3)/o)?
41
Let d be (2 - 28)/(12/(-96)). Let o = -119 + d. Let z(h) = -h**3 - 10*h**2 + 9*h + 1. Calculate the remainder when o is divided by z(-11).
20
Suppose -5*y + y + 232 = 0. Suppose 0 = 16*u - 1196 - 1508. Calculate the remainder when (-26)/u - (0 + (-8848)/52) is divided by y.
54
Suppose 4*o = -3*o + 21. Let i(j) = 2*j + 5. Let w = -35 - -41. What is the remainder when i(o) is divided by w?
5
Let p(c) = 86*c**2 + 4*c + 39. What is the remainder when p(-2) is divided by 175?
25
Suppose 0 = 2*m - 4*p - 22, -3*p = -2*m + 22 - 5. Let j be -1*(m - -60)/1. Let c = j - -109. Calculate the remainder when 191 is divided by c.
47
Let w = -4325 + 4376. What is the remainder when 4589 is divided by w?
50
Calculate the remainder when 58 is divided by (-42)/(-5) - 7/((-455)/39).
4
Let b = -14501 - -14878. Calculate the remainder when b is divided by 110.
47
Let u = -26 - -21. Let y be 9 + u - (-24 - -2). Suppose -5*h + 2*l + 66 = 0, -3*h = -l - y - 13. Calculate the remainder when 22 is divided by h.
10
Suppose 0 = -5*n - d + 72, d - 25 + 88 = 4*n. Suppose 4*p + 49 = -2*c + 287, c + p - 116 = 0. What is the remainder when c is divided by n?
8
Let m be (2 + -10 - -14) + -84. What is the remainder when 200 is divided by (-12)/m - 2785/(-65)?
28
Suppose -38 = -2*l + g, 4 = 5*g - 7*g. Suppose l*c = 1445 + 373. Calculate the remainder when c is divided by 7.
3
Suppose -18*t + 11*t + 182 = 0. Suppose 3*r - 5*z - 210 = 0, 4*r + 3*z = -174 + 483. Calculate the remainder when r is divided by t.
23
Let b(a) = -a**2 + 15*a - 1. Suppose 28 = -4*f, 20*f - 893 = -5*v + 24*f. What is the remainder when v is divided by b(13)?
23
Suppose 3*u = -2*d + 5, -15*d - 5*u = -16*d + 22. Suppose -10*b + 541 = -d*b + 5*l, -506 = -3*b + 2*l. What is the remainder when b is divided by 22?
18
Let h(l) = -l**3 + l**2 + 3*l + 4. Let i be h(-2). Suppose -i = 2*y, s - 5*y + 3*y = 206. What is the remainder when s is divided by 40?
36
Suppose 151405 = 155*y - 269541 + 116216. What is the remainder when y is divided by 42?
34
Suppose 74*t - 3705 = 9*t. Suppose -j - 15 = -4*j. Suppose 3 = l, 687 - 143 = j*i - 2*l. Calculate the remainder when i is divided by t.
53
Suppose 0 = 6*q - 7*q + 18. Suppose 2*i + 12*i - 728 = 0. Suppose 3*h = i + 38. Calculate the remainder when h is divided by q.
12
Let v(s) = 24*s**2 - 24*s + 12. Let x(r) = 11*r**2 - 11*r + 6. Let g(a) = -4*v(a) + 9*x(a). What is the remainder when 84 is divided by g(3)?
12
Let t = 5 - 3. Suppose 2*d - 19 = -i, t*d = -i + 5*i + 34. Suppose 236 = 7*v - 51. Calculate the remainder when v is divided by d.
8
Let m = -29 - 46. Let z be m/(-12) + 2/(-8). Calculate the remainder when 11 is divided by (z/9)/((-10)/(-45)).
2
Suppose -4*y + 4*z = -304, -7*y + 11*y - 344 = -4*z. Let r = y - 70. Calculate the remainder when r is divided by 1.
0
Suppose 0 = 4*s + 112. Let l = 1 - s. Suppose -6*t - 7 = -i - 3*t, 2*t = 3*i - 28. What is the remainder when l is divided by i?
9
Let p(f) = -230*f + 2545. Calculate the remainder when p(9) is divided by 82.
65
Suppose -19*s - 1972 = -37*s - 16*s. Calculate the remainder when 61 is divided by s.
3
Let b = -533 - -341. Let q = 285 + b. What is the remainder when q is divided by 16?
13
Suppose -25*g + 829 - 467 = -838. Calculate the remainder when 180 is divided by g.
36
Let t(v) = v**3 + 35*v**2 + 148*v - 215. What is the remainder when t(-18) is divided by 109?
13
Let u(o) = o**3 + 17*o**2 + 28*o + 203. Let l be u(-16). Suppose 111*d - l = 110*d. What is the remainder when d is divided by 9?
2
Suppose 0 = 395*d - 345*d - 950. What is the remainder when 613 is divided by d?
5
Let c(i) = 5*i**2 + 92 - 3*i**2 + 22*i + 0*i**2 - 67*i. What is the remainder when 169 is divided by c(21)?
24
What is the remainder when 1046 is divided by (100/14)/(21/147)?
46
Let i be (16996/(-140))/((-1)/5). Let q = i - -112. What is the remainder when q is divided by 80?
79
Suppose 2*i = -4*s + 6*i + 56, 0 = -5*s - 3*i + 78. Let n(j) = 28*j - 360. Calculate the remainder when s is divided by n(13).
3
Suppose 5*u + 9 - 154 = 0. Suppose 0 = 5*k + 4*w - 9 - 50, -k - w = -11. Suppose 243 = -k*c + 303. What is the remainder when u is divided by c?
1
Let f = -106 - -114. Suppose 